{"id":241,"date":"2020-12-01T06:28:35","date_gmt":"2020-12-01T06:28:35","guid":{"rendered":"https:\/\/soyluhangruop.com\/?page_id=241"},"modified":"2020-12-01T06:56:47","modified_gmt":"2020-12-01T06:56:47","slug":"tasimacilik-sigortasi","status":"publish","type":"page","link":"http:\/\/egekorfez.com.tr\/?page_id=241","title":{"rendered":"Ta\u015f\u0131mac\u0131l\u0131k Sigortas\u0131"},"content":{"rendered":"\t\t<div data-elementor-type=\"wp-page\" data-elementor-id=\"241\" class=\"elementor elementor-241\" data-elementor-settings=\"[]\">\n\t\t\t\t\t\t<div class=\"elementor-inner\">\n\t\t\t\t\t\t\t<div class=\"elementor-section-wrap\">\n\t\t\t\t\t\t\t<section class=\"elementor-section elementor-top-section elementor-element elementor-element-8f5b22b elementor-section-boxed elementor-section-height-default elementor-section-height-default\" data-id=\"8f5b22b\" data-element_type=\"section\">\n\t\t\t\t\t\t<div class=\"elementor-container elementor-column-gap-default\">\n\t\t\t\t\t\t\t<div class=\"elementor-row\">\n\t\t\t\t\t<div class=\"elementor-column elementor-col-100 elementor-top-column elementor-element elementor-element-d417cc1\" data-id=\"d417cc1\" data-element_type=\"column\">\n\t\t\t<div class=\"elementor-column-wrap elementor-element-populated\">\n\t\t\t\t\t\t\t<div class=\"elementor-widget-wrap\">\n\t\t\t\t\t\t<div class=\"elementor-element elementor-element-4489923 elementor-widget elementor-widget-text-editor\" data-id=\"4489923\" data-element_type=\"widget\" data-widget_type=\"text-editor.default\">\n\t\t\t\t<div class=\"elementor-widget-container\">\n\t\t\t\t\t<div class=\"elementor-text-editor elementor-clearfix\"><p>Nakliyat Sigortas\u0131; kara, deniz, hava ve demir yoluyla bir yerden di\u011fer bir yere ta\u015f\u0131nmakta olan her t\u00fcrl\u00fc y\u00fck\u00fcn, ta\u015f\u0131nmalar\u0131 s\u0131ras\u0131nda kar\u015f\u0131la\u015fabilecekleri tehlikelerden kaynaklanan hasarlara kar\u015f\u0131, Genel ve \u00d6zel \u015eartlar ile belirlenmi\u015f s\u0131n\u0131rlar \u00e7er\u00e7evesinde teminat sa\u011flamaktad\u0131r.<\/p><p><strong>Nakliyat Sigortas\u0131 ile hangi riskler g\u00fcvence alt\u0131nda?<\/strong><\/p><ul><li>Enstit\u00fc Klozlar\u0131 A, B, C<\/li><li>Kamyon Klozu, Tam ziya<\/li><li>Yurti\u00e7i Ta\u015f\u0131y\u0131c\u0131 Mali Mesuliyet, Ta\u015f\u0131nan y\u00fck<\/li><\/ul><\/div>\n\t\t\t\t<\/div>\n\t\t\t\t<\/div>\n\t\t\t\t\t\t<\/div>\n\t\t\t\t\t<\/div>\n\t\t<\/div>\n\t\t\t\t\t\t\t\t<\/div>\n\t\t\t\t\t<\/div>\n\t\t<\/section>\n\t\t\t\t\t\t<\/div>\n\t\t\t\t\t\t<\/div>\n\t\t\t\t\t<\/div>\n\t\t","protected":false},"excerpt":{"rendered":"<p>Nakliyat Sigortas\u0131; kara, deniz, hava ve demir yoluyla bir yerden di\u011fer bir yere ta\u015f\u0131nmakta olan her t\u00fcrl\u00fc y\u00fck\u00fcn, ta\u015f\u0131nmalar\u0131 s\u0131ras\u0131nda kar\u015f\u0131la\u015fabilecekleri tehlikelerden kaynaklanan hasarlara kar\u015f\u0131, Genel ve \u00d6zel \u015eartlar ile belirlenmi\u015f s\u0131n\u0131rlar \u00e7er\u00e7evesinde teminat sa\u011flamaktad\u0131r. Nakliyat Sigortas\u0131 ile hangi riskler g\u00fcvence alt\u0131nda? Enstit\u00fc Klozlar\u0131 A, B, C Kamyon Klozu, Tam ziya Yurti\u00e7i Ta\u015f\u0131y\u0131c\u0131 Mali Mesuliyet, &hellip; <\/p>\n<p class=\"link-more\"><a href=\"http:\/\/egekorfez.com.tr\/?page_id=241\" class=\"more-link\">Continue reading<span class=\"screen-reader-text\"> &#8220;Ta\u015f\u0131mac\u0131l\u0131k Sigortas\u0131&#8221;<\/span><\/a><\/p>\n","protected":false},"author":1,"featured_media":0,"parent":0,"menu_order":0,"comment_status":"closed","ping_status":"closed","template":"elementor_header_footer","meta":[],"_links":{"self":[{"href":"http:\/\/egekorfez.com.tr\/index.php?rest_route=\/wp\/v2\/pages\/241"}],"collection":[{"href":"http:\/\/egekorfez.com.tr\/index.php?rest_route=\/wp\/v2\/pages"}],"about":[{"href":"http:\/\/egekorfez.com.tr\/index.php?rest_route=\/wp\/v2\/types\/page"}],"author":[{"embeddable":true,"href":"http:\/\/egekorfez.com.tr\/index.php?rest_route=\/wp\/v2\/users\/1"}],"replies":[{"embeddable":true,"href":"http:\/\/egekorfez.com.tr\/index.php?rest_route=%2Fwp%2Fv2%2Fcomments&post=241"}],"version-history":[{"count":7,"href":"http:\/\/egekorfez.com.tr\/index.php?rest_route=\/wp\/v2\/pages\/241\/revisions"}],"predecessor-version":[{"id":289,"href":"http:\/\/egekorfez.com.tr\/index.php?rest_route=\/wp\/v2\/pages\/241\/revisions\/289"}],"wp:attachment":[{"href":"http:\/\/egekorfez.com.tr\/index.php?rest_route=%2Fwp%2Fv2%2Fmedia&parent=241"}],"curies":[{"name":"wp","href":"https:\/\/api.w.org\/{rel}","templated":true}]}}