{"id":15,"date":"2020-11-27T19:38:10","date_gmt":"2020-11-27T19:38:10","guid":{"rendered":"https:\/\/soyluhangruop.com\/?page_id=15"},"modified":"2020-12-01T18:39:03","modified_gmt":"2020-12-01T18:39:03","slug":"contact","status":"publish","type":"page","link":"http:\/\/egekorfez.com.tr\/?page_id=15","title":{"rendered":"\u0130leti\u015fim"},"content":{"rendered":"\t\t<div data-elementor-type=\"wp-page\" data-elementor-id=\"15\" class=\"elementor elementor-15\" data-elementor-settings=\"[]\">\n\t\t\t\t\t\t<div class=\"elementor-inner\">\n\t\t\t\t\t\t\t<div class=\"elementor-section-wrap\">\n\t\t\t\t\t\t\t<section class=\"elementor-section elementor-top-section elementor-element elementor-element-a52a098 elementor-section-boxed elementor-section-height-default elementor-section-height-default\" data-id=\"a52a098\" data-element_type=\"section\">\n\t\t\t\t\t\t<div class=\"elementor-container elementor-column-gap-default\">\n\t\t\t\t\t\t\t<div class=\"elementor-row\">\n\t\t\t\t\t<div class=\"elementor-column elementor-col-100 elementor-top-column elementor-element elementor-element-74962736\" data-id=\"74962736\" data-element_type=\"column\">\n\t\t\t<div class=\"elementor-column-wrap elementor-element-populated\">\n\t\t\t\t\t\t\t<div class=\"elementor-widget-wrap\">\n\t\t\t\t\t\t<div class=\"elementor-element elementor-element-683748d3 elementor-widget elementor-widget-text-editor\" data-id=\"683748d3\" data-element_type=\"widget\" data-widget_type=\"text-editor.default\">\n\t\t\t\t<div class=\"elementor-widget-container\">\n\t\t\t\t\t<div class=\"elementor-text-editor elementor-clearfix\"><p><!-- wp:paragraph --><\/p>\n<div style=\"width: 1120px; text-align: center; color: #333333; font-family: 'Libre Franklin', 'Helvetica Neue', helvetica, arial, sans-serif;\" data-id=\"d990e9a\" data-element_type=\"widget\" data-widget_type=\"heading.default\">\n<div>\n<p><strong>\u0130LET\u0130\u015e\u0130M<\/strong><\/p>\n<\/div>\n<\/div>\n<section style=\"width: 1120px; color: #333333; font-family: 'Libre Franklin', 'Helvetica Neue', helvetica, arial, sans-serif;\" data-id=\"6a0c170\" data-element_type=\"section\">\n<div>\n<div style=\"width: 1120px;\">\n<div style=\"width: 1120px;\" data-id=\"19bf09f\" data-element_type=\"column\">\n<div style=\"width: 1120px; margin: 0px;\">\n<div style=\"width: 1100px;\">\n<div style=\"width: 1100px;\" data-id=\"8a3dfaa\" data-element_type=\"widget\" data-widget_type=\"icon-list.default\">\n<div>\n<p><strong><span style=\"color: #000000; padding-left: 6px;\">Manas Bulvar\u0131 Yanyolu No.12 D.113<\/span><\/strong><\/p>\n<p><strong><span style=\"color: #000000; padding-left: 6px;\">+90 232 461 00 34<\/span><\/strong><\/p>\n<p><strong>info@egekorfez.com.tr<\/strong><\/p>\n<\/div>\n<\/div>\n<\/div>\n<\/div>\n<\/div>\n<\/div>\n<\/div>\n<\/section>\n<p><!-- \/wp:paragraph --><\/p><\/div>\n\t\t\t\t<\/div>\n\t\t\t\t<\/div>\n\t\t\t\t\t\t<\/div>\n\t\t\t\t\t<\/div>\n\t\t<\/div>\n\t\t\t\t\t\t\t\t<\/div>\n\t\t\t\t\t<\/div>\n\t\t<\/section>\n\t\t\t\t<section class=\"elementor-section elementor-top-section elementor-element elementor-element-ce5dcb1 elementor-section-boxed elementor-section-height-default elementor-section-height-default\" data-id=\"ce5dcb1\" data-element_type=\"section\">\n\t\t\t\t\t\t<div class=\"elementor-container elementor-column-gap-default\">\n\t\t\t\t\t\t\t<div class=\"elementor-row\">\n\t\t\t\t\t<div class=\"elementor-column elementor-col-100 elementor-top-column elementor-element elementor-element-934dee8\" data-id=\"934dee8\" data-element_type=\"column\">\n\t\t\t<div class=\"elementor-column-wrap elementor-element-populated\">\n\t\t\t\t\t\t\t<div class=\"elementor-widget-wrap\">\n\t\t\t\t\t\t<div class=\"elementor-element elementor-element-21a8f2f elementor-widget elementor-widget-google_maps\" data-id=\"21a8f2f\" data-element_type=\"widget\" data-widget_type=\"google_maps.default\">\n\t\t\t\t<div class=\"elementor-widget-container\">\n\t\t\t<div class=\"elementor-custom-embed\"><iframe frameborder=\"0\" scrolling=\"no\" marginheight=\"0\" marginwidth=\"0\" src=\"https:\/\/maps.google.com\/maps?q=Ege%20K%C3%B6rfez%20Sigorta%20Manas%20Bulvar%C4%B1%20Yanyolu%20No.12%20D.113&amp;t=m&amp;z=18&amp;output=embed&amp;iwloc=near\" title=\"Ege K\u00f6rfez Sigorta Manas Bulvar\u0131 Yanyolu No.12 D.113\" aria-label=\"Ege K\u00f6rfez Sigorta Manas Bulvar\u0131 Yanyolu No.12 D.113\"><\/iframe><\/div>\t\t<\/div>\n\t\t\t\t<\/div>\n\t\t\t\t\t\t<\/div>\n\t\t\t\t\t<\/div>\n\t\t<\/div>\n\t\t\t\t\t\t\t\t<\/div>\n\t\t\t\t\t<\/div>\n\t\t<\/section>\n\t\t\t\t\t\t<\/div>\n\t\t\t\t\t\t<\/div>\n\t\t\t\t\t<\/div>\n\t\t","protected":false},"excerpt":{"rendered":"<p>\u0130LET\u0130\u015e\u0130M Manas Bulvar\u0131 Yanyolu No.12 D.113 +90 232 461 00 34 info@egekorfez.com.tr<\/p>\n","protected":false},"author":1,"featured_media":10,"parent":0,"menu_order":0,"comment_status":"closed","ping_status":"closed","template":"elementor_header_footer","meta":[],"_links":{"self":[{"href":"http:\/\/egekorfez.com.tr\/index.php?rest_route=\/wp\/v2\/pages\/15"}],"collection":[{"href":"http:\/\/egekorfez.com.tr\/index.php?rest_route=\/wp\/v2\/pages"}],"about":[{"href":"http:\/\/egekorfez.com.tr\/index.php?rest_route=\/wp\/v2\/types\/page"}],"author":[{"embeddable":true,"href":"http:\/\/egekorfez.com.tr\/index.php?rest_route=\/wp\/v2\/users\/1"}],"replies":[{"embeddable":true,"href":"http:\/\/egekorfez.com.tr\/index.php?rest_route=%2Fwp%2Fv2%2Fcomments&post=15"}],"version-history":[{"count":11,"href":"http:\/\/egekorfez.com.tr\/index.php?rest_route=\/wp\/v2\/pages\/15\/revisions"}],"predecessor-version":[{"id":385,"href":"http:\/\/egekorfez.com.tr\/index.php?rest_route=\/wp\/v2\/pages\/15\/revisions\/385"}],"wp:featuredmedia":[{"embeddable":true,"href":"http:\/\/egekorfez.com.tr\/index.php?rest_route=\/wp\/v2\/media\/10"}],"wp:attachment":[{"href":"http:\/\/egekorfez.com.tr\/index.php?rest_route=%2Fwp%2Fv2%2Fmedia&parent=15"}],"curies":[{"name":"wp","href":"https:\/\/api.w.org\/{rel}","templated":true}]}}